{"id":628,"date":"2018-03-15T13:33:04","date_gmt":"2018-03-15T12:33:04","guid":{"rendered":"https:\/\/hdskycam.eu\/?page_id=628"},"modified":"2020-07-14T13:44:11","modified_gmt":"2020-07-14T11:44:11","slug":"hd-skycam-cineflex-shotover","status":"publish","type":"page","link":"https:\/\/hdskycam.eu\/?page_id=628","title":{"rendered":"Bienvenue"},"content":{"rendered":"<div  class=\"one withsmallpadding ppb_header \" style=\"text-align:left;padding:30px 0 30px 0;\" >\n<div class=\"standard_wrapper\">\n<div class=\"page_content_wrapper\">\n<div class=\"inner\">\n<div style=\"margin:auto;width:100%\">\n<h2 class=\"ppb_title\" style=\"\">MOVING IMAGES THAT WILL MOVE YOU \u2026<\/h2>\n<\/div>\n<\/div>\n<\/div>\n<\/div>\n<\/div>\n<div  class=\"one withsmallpadding ppb_text\" style=\"padding:30px 0 30px 0;\" >\n<div class=\"standard_wrapper\">\n<div class=\"page_content_wrapper\">\n<div class=\"inner\">\n<div style=\"margin:auto;width:100%\">\n<p style=\"font-size: 1.6em; font-weight: 100; text-align: justify;\">\u2026 filmed from the air, on the ground and on the water &#8211; we are the leading provider of high-quality and stabilized air and driving footage. Our mission is simple: we aim to find the best possible picture for you from a most unusual angle. Since we are an Authorized Service Partner of Shotover New Zealand, we constantly strive to develop innovative technological solutions to achieve top-of-the-line footage. Our portfolio proves it: Our staff and technology are regularly involved in the Olympic Games and the German Touring Car Series (DTM) broadcasts, the production of blockbuster movies such as The Fast and The Furious or The Hunger Games, as well as documentary productions such as Rheingold, America\u2019s East Coast or Terra X. With us, you\u2019re playing at the top of the league.<\/p>\n<\/div>\n<\/div>\n<\/div>\n<\/div>\n<\/div>\n<div  class=\"one withsmallpadding ppb_text\" style=\"padding:30px 0 30px 0;\" >\n<div class=\"standard_wrapper\">\n<div class=\"page_content_wrapper\">\n<div class=\"inner\">\n<div style=\"margin:auto;width:100%\">\n<p style=\"font-size: 1.6em; font-weight: 100; text-align: justify;\">\u2026 filmed from the air, on the ground and on the water &#8211; we are the leading provider of high-quality and stabilized air and driving footage. Our mission is simple: we aim to find the best possible picture for you from a most unusual angle. Since we are an Authorized Service Partner of Shotover New Zealand, we constantly strive to develop innovative technological solutions to achieve top-of-the-line footage. Our portfolio proves it: Our staff and technology are regularly involved in the Olympic Games and the German Touring Car Series (DTM) broadcasts, the production of blockbuster movies such as The Fast and The Furious or The Hunger Games, as well as documentary productions such as Rheingold, America\u2019s East Coast or Terra X. With us, you\u2019re playing at the top of the league.<\/p>\n<\/div>\n<\/div>\n<\/div>\n<\/div>\n<\/div>\n<div  class=\"one withsmallpadding ppb_header \" style=\"text-align:left;padding:30px 0 30px 0;\" >\n<div class=\"standard_wrapper\">\n<div class=\"page_content_wrapper\">\n<div class=\"inner\">\n<div style=\"margin:auto;width:100%\"><\/div>\n<\/div>\n<\/div>\n<\/div>\n<\/div>\n<div  class=\"one withsmallpadding ppb_header \" style=\"text-align:left;padding:30px 0 30px 0;\" >\n<div class=\"standard_wrapper\">\n<div class=\"page_content_wrapper\">\n<div class=\"inner\">\n<div style=\"margin:auto;width:100%\">\n<h2 class=\"ppb_title\" style=\"\">At Home in the Heart of Germany<\/h2>\n<hr class=\"title_break left\" style=\"\"\/>\n<div class=\"ppb_header_content\">\n<p>HD-Skycam GmbH in W\u00f6rrstadt &#8211; Germany<\/p>\n<\/div>\n<\/div>\n<\/div>\n<\/div>\n<\/div>\n<\/div>\n<div  class=\"one withsmallpadding ppb_text\" style=\"padding:30px 0 30px 0;\" >\n<div class=\"standard_wrapper\">\n<div class=\"page_content_wrapper\">\n<div class=\"inner\">\n<div style=\"margin:auto;width:100%\">\n<p style=\"font-size: 1.6em; font-weight: 100; text-align: justify;\">Our company headquarters is located in the heart of Germany \u2013 but we operate worldwide. Our crew members are internationally experienced and have been working in the film and television industry for many years.<\/p>\n<\/div>\n<\/div>\n<\/div>\n<\/div>\n<\/div>\n<div  class=\"one withsmallpadding ppb_text\" style=\"padding:30px 0 30px 0;\" >\n<div class=\"standard_wrapper\">\n<div class=\"page_content_wrapper\">\n<div class=\"inner\">\n<div style=\"margin:auto;width:100%\">\n<p style=\"font-size: 1.6em; font-weight: 100; text-align: justify;\">Our company headquarters is located in the heart of Germany \u2013 but we operate worldwide. Our crew members are internationally experienced and have been working in the film and television industry for many years.<\/p>\n<\/div>\n<\/div>\n<\/div>\n<\/div>\n<\/div>\n<div  class=\"one withsmallpadding ppb_text\" style=\"padding:30px 0 30px 0;\" >\n<div class=\"standard_wrapper\">\n<div class=\"page_content_wrapper\">\n<div class=\"inner\">\n<div style=\"margin:auto;width:100%\">\n<p style=\"font-size: 1.6em; font-weight: 100; text-align: justify;\">Our company headquarters is located in the heart of Germany \u2013 but we operate worldwide. Our crew members are internationally experienced and have been working in the film and television industry for many years.<\/p>\n<\/div>\n<\/div>\n<\/div>\n<\/div>\n<\/div>\n<div  class=\"one withsmallpadding ppb_text\" style=\"padding:30px 0 30px 0;\" >\n<div class=\"standard_wrapper\">\n<div class=\"page_content_wrapper\">\n<div class=\"inner\">\n<div style=\"margin:auto;width:100%\">\n<p style=\"font-size: 1.6em; font-weight: 100; text-align: justify;\">Our company headquarters is located in the heart of Germany \u2013 but we operate worldwide. Our crew members are internationally experienced and have been working in the film and television industry for many years.<\/p>\n<\/div>\n<\/div>\n<\/div>\n<\/div>\n<\/div>\n<div  class=\"one withsmallpadding ppb_text\" style=\"padding:30px;\" >\n<p>\u00b9=Freelancer<\/p>\n<\/div>\n<div  class=\"one withsmallpadding ppb_text\" style=\"padding:30px;\" >\n<p>\u00b9=Freelancer<\/p>\n<\/div>\n","protected":false},"excerpt":{"rendered":"","protected":false},"author":1,"featured_media":1305,"parent":0,"menu_order":0,"comment_status":"closed","ping_status":"closed","template":"","meta":{"inline_featured_image":false},"yoast_head":"<!-- This site is optimized with the Yoast SEO plugin v19.7.1 - https:\/\/yoast.com\/wordpress\/plugins\/seo\/ -->\n<title>HD-Skycam GmbH, Spezialist in hochwertigen Filmaufnahmen aus der Luft und am Boden<\/title>\n<meta name=\"description\" content=\"HD-Skycam Shotover F1, Shotover K1, Cineflex v14, Filmfl\u00fcge, Filmfahrten und vieles mehr. Arri Alexa XT, eigene Red Epic, diverse Helikoptersysteme, \u00fcber 15 Jahre Erfahrung ind Film und Fernsehen.\" \/>\n<meta name=\"robots\" content=\"index, follow, max-snippet:-1, max-image-preview:large, max-video-preview:-1\" \/>\n<link rel=\"canonical\" href=\"https:\/\/hdskycam.eu\/?page_id=628\" \/>\n<meta property=\"og:locale\" content=\"de_DE\" \/>\n<meta property=\"og:type\" content=\"article\" \/>\n<meta property=\"og:title\" content=\"HD-Skycam GmbH, Spezialist in hochwertigen Filmaufnahmen aus der Luft und am Boden\" \/>\n<meta property=\"og:description\" content=\"HD-Skycam Shotover F1, Shotover K1, Cineflex v14, Filmfl\u00fcge, Filmfahrten und vieles mehr. Arri Alexa XT, eigene Red Epic, diverse Helikoptersysteme, \u00fcber 15 Jahre Erfahrung ind Film und Fernsehen.\" \/>\n<meta property=\"og:url\" content=\"https:\/\/hdskycam.eu\/?page_id=628\" \/>\n<meta property=\"og:site_name\" content=\"HD-Skycam TV GmbH\" \/>\n<meta property=\"article:publisher\" content=\"https:\/\/www.facebook.com\/HDSkycam\/?ref=br_tf\" \/>\n<meta property=\"article:modified_time\" content=\"2020-07-14T11:44:11+00:00\" \/>\n<meta property=\"og:image\" content=\"https:\/\/hdskycam.eu\/wp-content\/uploads\/2018\/03\/hd-skycam-Team.jpg\" \/>\n\t<meta property=\"og:image:width\" content=\"1800\" \/>\n\t<meta property=\"og:image:height\" content=\"1013\" \/>\n\t<meta property=\"og:image:type\" content=\"image\/jpeg\" \/>\n<meta name=\"twitter:card\" content=\"summary_large_image\" \/>\n<meta name=\"twitter:label1\" content=\"Gesch\u00e4tzte Lesezeit\" \/>\n\t<meta name=\"twitter:data1\" content=\"2\u00a0Minuten\" \/>\n<script type=\"application\/ld+json\" class=\"yoast-schema-graph\">{\"@context\":\"https:\/\/schema.org\",\"@graph\":[{\"@type\":\"WebPage\",\"@id\":\"https:\/\/hdskycam.eu\/?page_id=628\",\"url\":\"https:\/\/hdskycam.eu\/?page_id=628\",\"name\":\"HD-Skycam GmbH, Spezialist in hochwertigen Filmaufnahmen aus der Luft und am Boden\",\"isPartOf\":{\"@id\":\"https:\/\/hdskycam.eu\/#website\"},\"datePublished\":\"2018-03-15T12:33:04+00:00\",\"dateModified\":\"2020-07-14T11:44:11+00:00\",\"description\":\"HD-Skycam Shotover F1, Shotover K1, Cineflex v14, Filmfl\u00fcge, Filmfahrten und vieles mehr. Arri Alexa XT, eigene Red Epic, diverse Helikoptersysteme, \u00fcber 15 Jahre Erfahrung ind Film und Fernsehen.\",\"breadcrumb\":{\"@id\":\"https:\/\/hdskycam.eu\/?page_id=628#breadcrumb\"},\"inLanguage\":\"de\",\"potentialAction\":[{\"@type\":\"ReadAction\",\"target\":[\"https:\/\/hdskycam.eu\/?page_id=628\"]}]},{\"@type\":\"BreadcrumbList\",\"@id\":\"https:\/\/hdskycam.eu\/?page_id=628#breadcrumb\",\"itemListElement\":[{\"@type\":\"ListItem\",\"position\":1,\"name\":\"Startseite\",\"item\":\"https:\/\/hdskycam.eu\/\"},{\"@type\":\"ListItem\",\"position\":2,\"name\":\"Bienvenue\"}]},{\"@type\":\"WebSite\",\"@id\":\"https:\/\/hdskycam.eu\/#website\",\"url\":\"https:\/\/hdskycam.eu\/\",\"name\":\"HD-Skycam TV GmbH\",\"description\":\"Cam\u00e9ra H\u00e9licopt\u00e8re et Drone\",\"publisher\":{\"@id\":\"https:\/\/hdskycam.eu\/#organization\"},\"potentialAction\":[{\"@type\":\"SearchAction\",\"target\":{\"@type\":\"EntryPoint\",\"urlTemplate\":\"https:\/\/hdskycam.eu\/?s={search_term_string}\"},\"query-input\":\"required name=search_term_string\"}],\"inLanguage\":\"de\"},{\"@type\":\"Organization\",\"@id\":\"https:\/\/hdskycam.eu\/#organization\",\"name\":\"HD-Skycam GmbH\",\"url\":\"https:\/\/hdskycam.eu\/\",\"sameAs\":[\"https:\/\/www.instagram.com\/hdskycam\/\",\"https:\/\/www.youtube.com\/user\/HDSkycamGmbH\",\"https:\/\/www.facebook.com\/HDSkycam\/?ref=br_tf\"],\"logo\":{\"@type\":\"ImageObject\",\"inLanguage\":\"de\",\"@id\":\"https:\/\/hdskycam.eu\/#\/schema\/logo\/image\/\",\"url\":\"https:\/\/hdskycam.eu\/wp-content\/uploads\/2018\/02\/hdskycam_logo_schwarz_cd.png\",\"contentUrl\":\"https:\/\/hdskycam.eu\/wp-content\/uploads\/2018\/02\/hdskycam_logo_schwarz_cd.png\",\"width\":640,\"height\":82,\"caption\":\"HD-Skycam GmbH\"},\"image\":{\"@id\":\"https:\/\/hdskycam.eu\/#\/schema\/logo\/image\/\"}}]}<\/script>\n<!-- \/ Yoast SEO plugin. -->","yoast_head_json":{"title":"HD-Skycam GmbH, Spezialist in hochwertigen Filmaufnahmen aus der Luft und am Boden","description":"HD-Skycam Shotover F1, Shotover K1, Cineflex v14, Filmfl\u00fcge, Filmfahrten und vieles mehr. Arri Alexa XT, eigene Red Epic, diverse Helikoptersysteme, \u00fcber 15 Jahre Erfahrung ind Film und Fernsehen.","robots":{"index":"index","follow":"follow","max-snippet":"max-snippet:-1","max-image-preview":"max-image-preview:large","max-video-preview":"max-video-preview:-1"},"canonical":"https:\/\/hdskycam.eu\/?page_id=628","og_locale":"de_DE","og_type":"article","og_title":"HD-Skycam GmbH, Spezialist in hochwertigen Filmaufnahmen aus der Luft und am Boden","og_description":"HD-Skycam Shotover F1, Shotover K1, Cineflex v14, Filmfl\u00fcge, Filmfahrten und vieles mehr. Arri Alexa XT, eigene Red Epic, diverse Helikoptersysteme, \u00fcber 15 Jahre Erfahrung ind Film und Fernsehen.","og_url":"https:\/\/hdskycam.eu\/?page_id=628","og_site_name":"HD-Skycam TV GmbH","article_publisher":"https:\/\/www.facebook.com\/HDSkycam\/?ref=br_tf","article_modified_time":"2020-07-14T11:44:11+00:00","og_image":[{"width":1800,"height":1013,"url":"https:\/\/hdskycam.eu\/wp-content\/uploads\/2018\/03\/hd-skycam-Team.jpg","type":"image\/jpeg"}],"twitter_card":"summary_large_image","twitter_misc":{"Gesch\u00e4tzte Lesezeit":"2\u00a0Minuten"},"schema":{"@context":"https:\/\/schema.org","@graph":[{"@type":"WebPage","@id":"https:\/\/hdskycam.eu\/?page_id=628","url":"https:\/\/hdskycam.eu\/?page_id=628","name":"HD-Skycam GmbH, Spezialist in hochwertigen Filmaufnahmen aus der Luft und am Boden","isPartOf":{"@id":"https:\/\/hdskycam.eu\/#website"},"datePublished":"2018-03-15T12:33:04+00:00","dateModified":"2020-07-14T11:44:11+00:00","description":"HD-Skycam Shotover F1, Shotover K1, Cineflex v14, Filmfl\u00fcge, Filmfahrten und vieles mehr. Arri Alexa XT, eigene Red Epic, diverse Helikoptersysteme, \u00fcber 15 Jahre Erfahrung ind Film und Fernsehen.","breadcrumb":{"@id":"https:\/\/hdskycam.eu\/?page_id=628#breadcrumb"},"inLanguage":"de","potentialAction":[{"@type":"ReadAction","target":["https:\/\/hdskycam.eu\/?page_id=628"]}]},{"@type":"BreadcrumbList","@id":"https:\/\/hdskycam.eu\/?page_id=628#breadcrumb","itemListElement":[{"@type":"ListItem","position":1,"name":"Startseite","item":"https:\/\/hdskycam.eu\/"},{"@type":"ListItem","position":2,"name":"Bienvenue"}]},{"@type":"WebSite","@id":"https:\/\/hdskycam.eu\/#website","url":"https:\/\/hdskycam.eu\/","name":"HD-Skycam TV GmbH","description":"Cam\u00e9ra H\u00e9licopt\u00e8re et Drone","publisher":{"@id":"https:\/\/hdskycam.eu\/#organization"},"potentialAction":[{"@type":"SearchAction","target":{"@type":"EntryPoint","urlTemplate":"https:\/\/hdskycam.eu\/?s={search_term_string}"},"query-input":"required name=search_term_string"}],"inLanguage":"de"},{"@type":"Organization","@id":"https:\/\/hdskycam.eu\/#organization","name":"HD-Skycam GmbH","url":"https:\/\/hdskycam.eu\/","sameAs":["https:\/\/www.instagram.com\/hdskycam\/","https:\/\/www.youtube.com\/user\/HDSkycamGmbH","https:\/\/www.facebook.com\/HDSkycam\/?ref=br_tf"],"logo":{"@type":"ImageObject","inLanguage":"de","@id":"https:\/\/hdskycam.eu\/#\/schema\/logo\/image\/","url":"https:\/\/hdskycam.eu\/wp-content\/uploads\/2018\/02\/hdskycam_logo_schwarz_cd.png","contentUrl":"https:\/\/hdskycam.eu\/wp-content\/uploads\/2018\/02\/hdskycam_logo_schwarz_cd.png","width":640,"height":82,"caption":"HD-Skycam GmbH"},"image":{"@id":"https:\/\/hdskycam.eu\/#\/schema\/logo\/image\/"}}]}},"_links":{"self":[{"href":"https:\/\/hdskycam.eu\/index.php?rest_route=\/wp\/v2\/pages\/628"}],"collection":[{"href":"https:\/\/hdskycam.eu\/index.php?rest_route=\/wp\/v2\/pages"}],"about":[{"href":"https:\/\/hdskycam.eu\/index.php?rest_route=\/wp\/v2\/types\/page"}],"author":[{"embeddable":true,"href":"https:\/\/hdskycam.eu\/index.php?rest_route=\/wp\/v2\/users\/1"}],"replies":[{"embeddable":true,"href":"https:\/\/hdskycam.eu\/index.php?rest_route=%2Fwp%2Fv2%2Fcomments&post=628"}],"version-history":[{"count":10,"href":"https:\/\/hdskycam.eu\/index.php?rest_route=\/wp\/v2\/pages\/628\/revisions"}],"predecessor-version":[{"id":1721,"href":"https:\/\/hdskycam.eu\/index.php?rest_route=\/wp\/v2\/pages\/628\/revisions\/1721"}],"wp:featuredmedia":[{"embeddable":true,"href":"https:\/\/hdskycam.eu\/index.php?rest_route=\/wp\/v2\/media\/1305"}],"wp:attachment":[{"href":"https:\/\/hdskycam.eu\/index.php?rest_route=%2Fwp%2Fv2%2Fmedia&parent=628"}],"curies":[{"name":"wp","href":"https:\/\/api.w.org\/{rel}","templated":true}]}}