{"id":713,"date":"2018-03-16T18:59:32","date_gmt":"2018-03-16T17:59:32","guid":{"rendered":"https:\/\/hdskycam.eu\/?page_id=713"},"modified":"2020-07-15T11:34:32","modified_gmt":"2020-07-15T09:34:32","slug":"service","status":"publish","type":"page","link":"https:\/\/hdskycam.eu\/?page_id=713","title":{"rendered":"Service et maintenance"},"content":{"rendered":"<div  class=\"one\" >\n<div class=\"page_content_wrapper nopadding\">\n<div class=\"one_half_bg textright\" style=\"padding:0px;\">\n<h2 class=\"ppb_title\" style=\"\">Shotover<\/h2>\n<hr class=\"title_break left\" style=\"\"\/>\n<div class=\"ppb_header_content\">\n<p>Platinum Authorized Service Provider Shotover (the only provider in Europe)<\/p>\n<\/div>\n<p style=\"text-align: justify;\">We are an official Platinum Service partner (Authorized Service Provider) for all Shotover camera systems. Our operators and technicians have been trained and certified by Shotover New Zealand to provide you with the best service.<\/p>\n<p><img decoding=\"async\" loading=\"lazy\" class=\"alignnone wp-image-834\" src=\"https:\/\/hdskycam.eu\/wp-content\/uploads\/2018\/03\/shotover.svg\" alt=\"\" width=\"106\" height=\"106\" \/><\/p>\n<p><a class=\"button ghost white\" style=\"margin-top: 5px;\" href=\"https:\/\/hdskycam.eu\/home\/contact\/\">Service Enquiry<\/a><\/p>\n<\/div>\n<div class=\"one_half_bg\"><\/div>\n<p><br class=\"clear\"\/><\/div>\n<\/div>\n<div  class=\"one\" >\n<div class=\"page_content_wrapper nopadding\">\n<div class=\"one_half_bg textright\" style=\"padding:0px;\">\n<h2 class=\"ppb_title\" style=\"\">GSS<\/h2>\n<hr class=\"title_break left\" style=\"\"\/>\n<div class=\"ppb_header_content\">Authorized Service Provider GSS (Europe)<\/div>\n<p style=\"text-align: justify;\">The HD-Skycam GmbH is Authorized Service Provider GSS for Europe and offers a full service program for maintenance, repair and inspection for GSS Systems.<\/p>\n<p><img decoding=\"async\" loading=\"lazy\" class=\"alignnone wp-image-873 \" src=\"https:\/\/hdskycam.eu\/wp-content\/uploads\/2020\/02\/gss_bild2.svg\" alt=\"\" width=\"140\" height=\"99\" \/><\/p>\n<p><a class=\"button ghost white\" style=\"margin-top: 0px;\" href=\"https:\/\/hdskycam.eu\/home\/contact\/\">Service Enquiry<\/a><\/p>\n<\/div>\n<div class=\"one_half_bg\"><\/div>\n<p><br class=\"clear\"\/><\/div>\n<\/div>\n<div  class=\"one\" >\n<div class=\"page_content_wrapper nopadding\">\n<div class=\"one_half_bg textright\" style=\"padding:0px;\">\n<h2 class=\"ppb_title\" style=\"\">Cineflex<\/h2>\n<hr class=\"title_break left\" style=\"\"\/>\n<div class=\"ppb_header_content\">Service Provider Cineflex<\/div>\n<p style=\"text-align: justify;\">We also offer service and maintenance for Cineflex camera systems. Our technicians and operators were trained and certified by the Cineflex manufacturer General Dynamics, USA. HD-Skycam GmbH meets the ITAR regulations of the U.S. Department of State.<\/p>\n<p><img decoding=\"async\" loading=\"lazy\" class=\"alignnone wp-image-873 \" src=\"https:\/\/hdskycam.eu\/wp-content\/uploads\/2018\/03\/cineflex2.svg\" alt=\"\" width=\"140\" height=\"99\" \/><\/p>\n<p><a class=\"button ghost white\" style=\"margin-top: 0px;\" href=\"https:\/\/hdskycam.eu\/home\/contact\/\">Service Enquiry<\/a><\/p>\n<\/div>\n<div class=\"one_half_bg\"><\/div>\n<p><br class=\"clear\"\/><\/div>\n<\/div>\n<div  class=\"one withsmallpadding ppb_text\" style=\"padding:30px;\" >\n\t\t\t<!-- START servicetec REVOLUTION SLIDER 6.2.2 --><\/p>\n<p class=\"rs-p-wp-fix\">\n<p>\t\t\t<rs-module-wrap id=\"rev_slider_15_2_wrapper\" data-alias=\"servicetec\" data-source=\"gallery\" style=\"background:transparent;padding:0;margin:0px auto;margin-top:0;margin-bottom:0;max-width:\"><br \/>\n\t\t\t\t<rs-module id=\"rev_slider_15_2\" style=\"display:none;\" data-version=\"6.2.2\"><br \/>\n\t\t\t\t\t<rs-slides><br \/>\n\t\t\t\t\t\t<rs-slide data-key=\"rs-58\" data-title=\"Slide\" data-thumb=\"\/\/hdskycam.eu\/wp-content\/uploads\/2018\/03\/DSC1743-1-100x50.jpg\" data-anim=\"ei:d;eo:d;s:600;r:0;t:fade;sl:d;\"><br \/>\n\t\t\t\t\t\t\t<img decoding=\"async\" src=\"\/\/hdskycam.eu\/wp-content\/uploads\/2018\/03\/DSC1743-1.jpg\" title=\"Service and Maintenance\" data-panzoom=\"d:10000;ss:110;se:117;re:2;os:0\/2;\" class=\"rev-slidebg\" data-no-retina><br \/>\n<!---->\t\t\t\t\t\t<\/rs-slide><br \/>\n\t\t\t\t\t\t<rs-slide data-key=\"rs-63\" data-title=\"Slide\" data-thumb=\"\/\/hdskycam.eu\/wp-content\/uploads\/2018\/03\/DSC1827-100x50.jpg\" data-anim=\"ei:d;eo:d;s:600;r:0;t:fade;sl:d;\"><br \/>\n\t\t\t\t\t\t\t<img decoding=\"async\" src=\"\/\/hdskycam.eu\/wp-content\/uploads\/2018\/03\/DSC1827.jpg\" title=\"Service and Maintenance\" data-panzoom=\"d:10000;ss:100;se:110;re:-4;oe:0\/-3;\" class=\"rev-slidebg\" data-no-retina><br \/>\n<!---->\t\t\t\t\t\t<\/rs-slide><br \/>\n\t\t\t\t\t\t<rs-slide data-key=\"rs-62\" data-title=\"Slide\" data-thumb=\"\/\/hdskycam.eu\/wp-content\/uploads\/2018\/03\/DSC1781-100x50.jpg\" data-anim=\"ei:d;eo:d;s:600;r:0;t:fade;sl:d;\"><br \/>\n\t\t\t\t\t\t\t<img decoding=\"async\" src=\"\/\/hdskycam.eu\/wp-content\/uploads\/2018\/03\/DSC1781.jpg\" title=\"Service and Maintenance\" data-panzoom=\"d:10000;ss:100;se:110;re:4;oe:0\/3;\" class=\"rev-slidebg\" data-no-retina><br \/>\n<!---->\t\t\t\t\t\t<\/rs-slide><br \/>\n\t\t\t\t\t\t<rs-slide data-key=\"rs-61\" data-title=\"Slide\" data-thumb=\"\/\/hdskycam.eu\/wp-content\/uploads\/2018\/03\/IMG_4761-1-100x50.jpg\" data-anim=\"ei:d;eo:d;s:600;r:0;t:fade;sl:d;\"><br \/>\n\t\t\t\t\t\t\t<img decoding=\"async\" src=\"\/\/hdskycam.eu\/wp-content\/uploads\/2018\/03\/IMG_4761-1.jpg\" title=\"Service and Maintenance\" data-panzoom=\"d:10000;ss:100;se:110;re:-1;oe:0\/-3;\" class=\"rev-slidebg\" data-no-retina><br \/>\n<!---->\t\t\t\t\t\t<\/rs-slide><br \/>\n\t\t\t\t\t\t<rs-slide data-key=\"rs-59\" data-title=\"Slide\" data-thumb=\"\/\/hdskycam.eu\/wp-content\/uploads\/2018\/03\/Skandinavien-010-100x50.jpg\" data-anim=\"ei:d;eo:d;s:600;r:0;t:fade;sl:d;\"><br \/>\n\t\t\t\t\t\t\t<img decoding=\"async\" src=\"\/\/hdskycam.eu\/wp-content\/uploads\/2018\/03\/Skandinavien-010.jpg\" title=\"Service and Maintenance\" data-panzoom=\"d:10000;ss:100;se:110;re:4;oe:0\/3;\" class=\"rev-slidebg\" data-no-retina><br \/>\n<!---->\t\t\t\t\t\t<\/rs-slide><br \/>\n\t\t\t\t\t\t<rs-slide data-key=\"rs-83\" data-title=\"Slide\" data-thumb=\"\/\/hdskycam.eu\/wp-content\/uploads\/2018\/03\/DSC1756-100x50.jpg\" data-anim=\"ei:d;eo:d;s:600;r:0;t:fade;sl:d;\"><br \/>\n\t\t\t\t\t\t\t<img decoding=\"async\" src=\"\/\/hdskycam.eu\/wp-content\/uploads\/2018\/03\/DSC1756.jpg\" title=\"Service and Maintenance\" data-panzoom=\"d:10000;ss:100;se:110;re:-1;oe:0\/-3;\" class=\"rev-slidebg\" data-no-retina><br \/>\n<!---->\t\t\t\t\t\t<\/rs-slide><br \/>\n\t\t\t\t\t\t<rs-slide data-key=\"rs-82\" data-title=\"Slide\" data-thumb=\"\/\/hdskycam.eu\/wp-content\/uploads\/2018\/03\/DSC2582-100x50.jpg\" data-anim=\"ei:d;eo:d;s:600;r:0;t:fade;sl:d;\"><br \/>\n\t\t\t\t\t\t\t<img decoding=\"async\" src=\"\/\/hdskycam.eu\/wp-content\/uploads\/2018\/03\/DSC2582.jpg\" title=\"Service and Maintenance\" data-panzoom=\"d:10000;ss:100;se:110;re:4;oe:0\/3;\" class=\"rev-slidebg\" data-no-retina><br \/>\n<!---->\t\t\t\t\t\t<\/rs-slide><br \/>\n\t\t\t\t\t\t<rs-slide data-key=\"rs-84\" data-title=\"Slide\" data-thumb=\"\/\/hdskycam.eu\/wp-content\/uploads\/2018\/03\/772A6131-100x50.jpg\" data-anim=\"ei:d;eo:d;s:600;r:0;t:fade;sl:d;\"><br \/>\n\t\t\t\t\t\t\t<img decoding=\"async\" src=\"\/\/hdskycam.eu\/wp-content\/uploads\/2018\/03\/772A6131.jpg\" title=\"Service and Maintenance\" data-panzoom=\"d:10000;ss:100;se:110;re:-1;oe:0\/-3;\" class=\"rev-slidebg\" data-no-retina><br \/>\n<!---->\t\t\t\t\t\t<\/rs-slide><br \/>\n\t\t\t\t\t<\/rs-slides><br \/>\n\t\t\t\t\t<rs-progress class=\"rs-bottom\" style=\"visibility: hidden !important;\"><\/rs-progress><br \/>\n\t\t\t\t<\/rs-module><br \/>\n\t\t\t\t<script type=\"text\/javascript\">\n\t\t\t\t\tsetREVStartSize({c: 'rev_slider_15_2',rl:[1240,1024,778,480],el:[],gw:[1240],gh:[700],type:'standard',justify:'',layout:'fullwidth',mh:\"0\"});\n\t\t\t\t\tvar\trevapi15,\n\t\t\t\t\t\ttpj;\n\t\t\t\t\tjQuery(function() {\n\t\t\t\t\t\ttpj = jQuery;\n\t\t\t\t\t\tif(tpj(\"#rev_slider_15_2\").revolution == undefined){\n\t\t\t\t\t\t\trevslider_showDoubleJqueryError(\"#rev_slider_15_2\");\n\t\t\t\t\t\t}else{\n\t\t\t\t\t\t\trevapi15 = tpj(\"#rev_slider_15_2\").show().revolution({\n\t\t\t\t\t\t\t\tjsFileLocation:\"\/\/hdskycam.eu\/wp-content\/plugins\/revslider\/public\/assets\/js\/\",\n\t\t\t\t\t\t\t\tvisibilityLevels:\"1240,1024,778,480\",\n\t\t\t\t\t\t\t\tgridwidth:1240,\n\t\t\t\t\t\t\t\tgridheight:700,\n\t\t\t\t\t\t\t\tspinner:\"spinner0\",\n\t\t\t\t\t\t\t\tresponsiveLevels:\"1240,1024,778,480\",\n\t\t\t\t\t\t\t\tdisableProgressBar:\"on\",\n\t\t\t\t\t\t\t\tnavigation: {\n\t\t\t\t\t\t\t\t\tmouseScrollNavigation:false,\n\t\t\t\t\t\t\t\t\tonHoverStop:false,\n\t\t\t\t\t\t\t\t\tarrows: {\n\t\t\t\t\t\t\t\t\t\tenable:true,\n\t\t\t\t\t\t\t\t\t\tstyle:\"uranus\",\n\t\t\t\t\t\t\t\t\t\tleft: {<\/p>\n<p>\t\t\t\t\t\t\t\t\t\t},\n\t\t\t\t\t\t\t\t\t\tright: {<\/p>\n<p>\t\t\t\t\t\t\t\t\t\t}\n\t\t\t\t\t\t\t\t\t}\n\t\t\t\t\t\t\t\t},\n\t\t\t\t\t\t\t\tfallbacks: {\n\t\t\t\t\t\t\t\t\tallowHTML5AutoPlayOnAndroid:true\n\t\t\t\t\t\t\t\t},\n\t\t\t\t\t\t\t});\n\t\t\t\t\t\t}<\/p>\n<p>\t\t\t\t\t});\n\t\t\t\t<\/script><\/p>\n<style type=\"text\/css\">#rev_slider_15_2_wrapper .uranus.tparrows{width:50px; height:50px; background:rgba(255,255,255,0)}#rev_slider_15_2_wrapper .uranus.tparrows:before{width:50px; height:50px; line-height:50px; font-size:40px; transition:all 0.3s;-webkit-transition:all 0.3s}#rev_slider_15_2_wrapper .uranus.tparrows:hover:before{opacity:0.75}<\/style>\n<style type=\"text\/css\"><\/style>\n<p>\t\t\t<\/rs-module-wrap><br \/>\n\t\t\t<!-- END REVOLUTION SLIDER --><\/p>\n<\/div>\n","protected":false},"excerpt":{"rendered":"","protected":false},"author":1,"featured_media":874,"parent":0,"menu_order":0,"comment_status":"closed","ping_status":"closed","template":"","meta":{"inline_featured_image":false},"yoast_head":"<!-- This site is optimized with the Yoast SEO plugin v19.7.1 - https:\/\/yoast.com\/wordpress\/plugins\/seo\/ -->\n<title>Service et maintenance - HD-Skycam TV GmbH<\/title>\n<meta name=\"description\" content=\"Cineflex, GSS und Shotover, Luftbilder, Fahrbilder, weltweit,\" \/>\n<meta name=\"robots\" content=\"index, follow, max-snippet:-1, max-image-preview:large, max-video-preview:-1\" \/>\n<link rel=\"canonical\" href=\"https:\/\/hdskycam.eu\/?page_id=713\" \/>\n<meta property=\"og:locale\" content=\"de_DE\" \/>\n<meta property=\"og:type\" content=\"article\" \/>\n<meta property=\"og:title\" content=\"Service et maintenance - HD-Skycam TV GmbH\" \/>\n<meta property=\"og:description\" content=\"Cineflex, GSS und Shotover, Luftbilder, Fahrbilder, weltweit,\" \/>\n<meta property=\"og:url\" content=\"https:\/\/hdskycam.eu\/?page_id=713\" \/>\n<meta property=\"og:site_name\" content=\"HD-Skycam TV GmbH\" \/>\n<meta property=\"article:publisher\" content=\"https:\/\/www.facebook.com\/HDSkycam\/?ref=br_tf\" \/>\n<meta property=\"article:modified_time\" content=\"2020-07-15T09:34:32+00:00\" \/>\n<meta property=\"og:image\" content=\"https:\/\/hdskycam.eu\/wp-content\/uploads\/2018\/03\/IMG_4632-1.jpg\" \/>\n\t<meta property=\"og:image:width\" content=\"1800\" \/>\n\t<meta property=\"og:image:height\" content=\"1012\" \/>\n\t<meta property=\"og:image:type\" content=\"image\/jpeg\" \/>\n<meta name=\"twitter:card\" content=\"summary_large_image\" \/>\n<meta name=\"twitter:label1\" content=\"Gesch\u00e4tzte Lesezeit\" \/>\n\t<meta name=\"twitter:data1\" content=\"1\u00a0Minute\" \/>\n<script type=\"application\/ld+json\" class=\"yoast-schema-graph\">{\"@context\":\"https:\/\/schema.org\",\"@graph\":[{\"@type\":\"WebPage\",\"@id\":\"https:\/\/hdskycam.eu\/?page_id=713\",\"url\":\"https:\/\/hdskycam.eu\/?page_id=713\",\"name\":\"Service et maintenance - HD-Skycam TV GmbH\",\"isPartOf\":{\"@id\":\"https:\/\/hdskycam.eu\/#website\"},\"datePublished\":\"2018-03-16T17:59:32+00:00\",\"dateModified\":\"2020-07-15T09:34:32+00:00\",\"description\":\"Cineflex, GSS und Shotover, Luftbilder, Fahrbilder, weltweit,\",\"breadcrumb\":{\"@id\":\"https:\/\/hdskycam.eu\/?page_id=713#breadcrumb\"},\"inLanguage\":\"de\",\"potentialAction\":[{\"@type\":\"ReadAction\",\"target\":[\"https:\/\/hdskycam.eu\/?page_id=713\"]}]},{\"@type\":\"BreadcrumbList\",\"@id\":\"https:\/\/hdskycam.eu\/?page_id=713#breadcrumb\",\"itemListElement\":[{\"@type\":\"ListItem\",\"position\":1,\"name\":\"Startseite\",\"item\":\"https:\/\/hdskycam.eu\/\"},{\"@type\":\"ListItem\",\"position\":2,\"name\":\"Service et maintenance\"}]},{\"@type\":\"WebSite\",\"@id\":\"https:\/\/hdskycam.eu\/#website\",\"url\":\"https:\/\/hdskycam.eu\/\",\"name\":\"HD-Skycam TV GmbH\",\"description\":\"Cam\u00e9ra H\u00e9licopt\u00e8re et Drone\",\"publisher\":{\"@id\":\"https:\/\/hdskycam.eu\/#organization\"},\"potentialAction\":[{\"@type\":\"SearchAction\",\"target\":{\"@type\":\"EntryPoint\",\"urlTemplate\":\"https:\/\/hdskycam.eu\/?s={search_term_string}\"},\"query-input\":\"required name=search_term_string\"}],\"inLanguage\":\"de\"},{\"@type\":\"Organization\",\"@id\":\"https:\/\/hdskycam.eu\/#organization\",\"name\":\"HD-Skycam GmbH\",\"url\":\"https:\/\/hdskycam.eu\/\",\"sameAs\":[\"https:\/\/www.instagram.com\/hdskycam\/\",\"https:\/\/www.youtube.com\/user\/HDSkycamGmbH\",\"https:\/\/www.facebook.com\/HDSkycam\/?ref=br_tf\"],\"logo\":{\"@type\":\"ImageObject\",\"inLanguage\":\"de\",\"@id\":\"https:\/\/hdskycam.eu\/#\/schema\/logo\/image\/\",\"url\":\"https:\/\/hdskycam.eu\/wp-content\/uploads\/2018\/02\/hdskycam_logo_schwarz_cd.png\",\"contentUrl\":\"https:\/\/hdskycam.eu\/wp-content\/uploads\/2018\/02\/hdskycam_logo_schwarz_cd.png\",\"width\":640,\"height\":82,\"caption\":\"HD-Skycam GmbH\"},\"image\":{\"@id\":\"https:\/\/hdskycam.eu\/#\/schema\/logo\/image\/\"}}]}<\/script>\n<!-- \/ Yoast SEO plugin. -->","yoast_head_json":{"title":"Service et maintenance - HD-Skycam TV GmbH","description":"Cineflex, GSS und Shotover, Luftbilder, Fahrbilder, weltweit,","robots":{"index":"index","follow":"follow","max-snippet":"max-snippet:-1","max-image-preview":"max-image-preview:large","max-video-preview":"max-video-preview:-1"},"canonical":"https:\/\/hdskycam.eu\/?page_id=713","og_locale":"de_DE","og_type":"article","og_title":"Service et maintenance - HD-Skycam TV GmbH","og_description":"Cineflex, GSS und Shotover, Luftbilder, Fahrbilder, weltweit,","og_url":"https:\/\/hdskycam.eu\/?page_id=713","og_site_name":"HD-Skycam TV GmbH","article_publisher":"https:\/\/www.facebook.com\/HDSkycam\/?ref=br_tf","article_modified_time":"2020-07-15T09:34:32+00:00","og_image":[{"width":1800,"height":1012,"url":"https:\/\/hdskycam.eu\/wp-content\/uploads\/2018\/03\/IMG_4632-1.jpg","type":"image\/jpeg"}],"twitter_card":"summary_large_image","twitter_misc":{"Gesch\u00e4tzte Lesezeit":"1\u00a0Minute"},"schema":{"@context":"https:\/\/schema.org","@graph":[{"@type":"WebPage","@id":"https:\/\/hdskycam.eu\/?page_id=713","url":"https:\/\/hdskycam.eu\/?page_id=713","name":"Service et maintenance - HD-Skycam TV GmbH","isPartOf":{"@id":"https:\/\/hdskycam.eu\/#website"},"datePublished":"2018-03-16T17:59:32+00:00","dateModified":"2020-07-15T09:34:32+00:00","description":"Cineflex, GSS und Shotover, Luftbilder, Fahrbilder, weltweit,","breadcrumb":{"@id":"https:\/\/hdskycam.eu\/?page_id=713#breadcrumb"},"inLanguage":"de","potentialAction":[{"@type":"ReadAction","target":["https:\/\/hdskycam.eu\/?page_id=713"]}]},{"@type":"BreadcrumbList","@id":"https:\/\/hdskycam.eu\/?page_id=713#breadcrumb","itemListElement":[{"@type":"ListItem","position":1,"name":"Startseite","item":"https:\/\/hdskycam.eu\/"},{"@type":"ListItem","position":2,"name":"Service et maintenance"}]},{"@type":"WebSite","@id":"https:\/\/hdskycam.eu\/#website","url":"https:\/\/hdskycam.eu\/","name":"HD-Skycam TV GmbH","description":"Cam\u00e9ra H\u00e9licopt\u00e8re et Drone","publisher":{"@id":"https:\/\/hdskycam.eu\/#organization"},"potentialAction":[{"@type":"SearchAction","target":{"@type":"EntryPoint","urlTemplate":"https:\/\/hdskycam.eu\/?s={search_term_string}"},"query-input":"required name=search_term_string"}],"inLanguage":"de"},{"@type":"Organization","@id":"https:\/\/hdskycam.eu\/#organization","name":"HD-Skycam GmbH","url":"https:\/\/hdskycam.eu\/","sameAs":["https:\/\/www.instagram.com\/hdskycam\/","https:\/\/www.youtube.com\/user\/HDSkycamGmbH","https:\/\/www.facebook.com\/HDSkycam\/?ref=br_tf"],"logo":{"@type":"ImageObject","inLanguage":"de","@id":"https:\/\/hdskycam.eu\/#\/schema\/logo\/image\/","url":"https:\/\/hdskycam.eu\/wp-content\/uploads\/2018\/02\/hdskycam_logo_schwarz_cd.png","contentUrl":"https:\/\/hdskycam.eu\/wp-content\/uploads\/2018\/02\/hdskycam_logo_schwarz_cd.png","width":640,"height":82,"caption":"HD-Skycam GmbH"},"image":{"@id":"https:\/\/hdskycam.eu\/#\/schema\/logo\/image\/"}}]}},"_links":{"self":[{"href":"https:\/\/hdskycam.eu\/index.php?rest_route=\/wp\/v2\/pages\/713"}],"collection":[{"href":"https:\/\/hdskycam.eu\/index.php?rest_route=\/wp\/v2\/pages"}],"about":[{"href":"https:\/\/hdskycam.eu\/index.php?rest_route=\/wp\/v2\/types\/page"}],"author":[{"embeddable":true,"href":"https:\/\/hdskycam.eu\/index.php?rest_route=\/wp\/v2\/users\/1"}],"replies":[{"embeddable":true,"href":"https:\/\/hdskycam.eu\/index.php?rest_route=%2Fwp%2Fv2%2Fcomments&post=713"}],"version-history":[{"count":11,"href":"https:\/\/hdskycam.eu\/index.php?rest_route=\/wp\/v2\/pages\/713\/revisions"}],"predecessor-version":[{"id":1729,"href":"https:\/\/hdskycam.eu\/index.php?rest_route=\/wp\/v2\/pages\/713\/revisions\/1729"}],"wp:featuredmedia":[{"embeddable":true,"href":"https:\/\/hdskycam.eu\/index.php?rest_route=\/wp\/v2\/media\/874"}],"wp:attachment":[{"href":"https:\/\/hdskycam.eu\/index.php?rest_route=%2Fwp%2Fv2%2Fmedia&parent=713"}],"curies":[{"name":"wp","href":"https:\/\/api.w.org\/{rel}","templated":true}]}}